 of (-88)/(-10) + s/5?
3
Let b = -22 - -21. Suppose -2 = -4*o + 3*o. What are the prime factors of ((-2 - -1)*o)/b?
2
List the prime factors of 2/8 - (1884/(-16))/1.
2, 59
Let j(t) = t + 18. Suppose -5 = 3*o - 8*o. Let l = 1 - o. What are the prime factors of j(l)?
2, 3
Let i(g) = g**2 + 14. Let p be i(0). Let z = 23 - p. What are the prime factors of z?
3
Let k be 23/(-4) + (-1)/4. Suppose -4*u + u = 0. Let c = u - k. What are the prime factors of c?
2, 3
Let a = 83 - 33. What are the prime factors of a?
2, 5
Let x(o) = o**2 + 3*o. Suppose 17 = 5*u + 2. What are the prime factors of x(u)?
2, 3
Suppose -j = -4*t + 174, -t + 27 = 2*j - 21. Let i be (-30)/(-5)*2/(-4). What are the prime factors of 1/i - t/(-6)?
7
Suppose -p - 1 + 7 = 0. Suppose -x = -2*g - p, -2*x + x - 4*g = -12. List the prime factors of x.
2
Let h(m) = m**3 - 7*m**2 + 8*m - 9. Let x be h(6). Suppose 12 = x*p - p. What are the prime factors of p?
2, 3
Suppose -2*w + 0*w + 219 = -5*v, -4*w - 2*v + 426 = 0. List the prime factors of w.
107
Let r = 2 - -1. Suppose -r*l = 6, o - l - 8 = l. What are the prime factors of o/8 + 23/2?
2, 3
Suppose 4*t = -u + 15 + 81, 5*u + 120 = 4*t. What are the prime factors of t?
5
Let w(c) = c - 6. Let d be w(6). Suppose d = -3*l + 1 + 2. What are the prime factors of (-15)/(-1) + -4 + l?
2, 3
Suppose 0 = 5*j - 19 - 1. Let x(l) be the first derivative of l**2 + 3*l + 5. List the prime factors of x(j).
11
Suppose 726 = 4*s + 2*c - 0*c, 0 = 5*s - 4*c - 888. Suppose -4*z + 9*z - s = 0. Suppose 0 = 3*n - 7*n + z. List the prime factors of n.
3
Let i(d) = d**2 - 9*d + 9. Let w be i(8). Let c = w - -12. List the prime factors of c.
13
Suppose 4*o - 4*m + 8 = 2*o, -3*o + 3 = -m. Let c = -4 + o. List the prime factors of ((-8)/(-6))/(c/(-12)).
2
What are the prime factors of 11/((-44)/(-360)) + 2?
2, 23
Let d(t) = -t - 5. Suppose 3*b + 2 = -5*o, 3*b + 70 = -2*b + 5*o. What are the prime factors of d(b)?
2
Suppose 4*w = -4*i + 520, -2*w - 408 - 277 = -5*i. What are the prime factors of i?
3, 5
Let g(q) = -q. Let l be g(3). What are the prime factors of (-20)/l + (-4)/6?
2, 3
Suppose 15 + 0 = 3*k. What are the prime factors of k?
5
Suppose -5*w + 40 = 2*f, -3*f + 12 = -3. Let n = w - -3. What are the prime factors of n?
3
Let u(g) = g - 1. Let h be u(4). Let y(b) = -3 + b - 5*b + h*b + 7. List the prime factors of y(2).
2
Suppose 0*l - 2*l + 149 = -t, 0 = -3*l + 4*t + 216. What are the prime factors of l?
2, 19
Let r(v) = v**2 + 5*v - 3. Let x be (12/2)/(0 - 1). Let k be r(x). Suppose p = 2*o + 17, 0*o = -3*p - k*o + 24. List the prime factors of p.
11
Suppose 4*w = -5*s + 6, 5*s + 4*w + 6 = 3*w. What are the prime factors of 2 + s/((-6)/27)?
11
Let w be (-3)/(-2)*4/(-1). Let m = 11 + w. Suppose 4*t = -m*n + 20, -4*t + 12 = 3*n - 0*t. List the prime factors of n.
2
Let t = 42 - 80. Let a = -23 - t. List the prime factors of a.
3, 5
Suppose 0 = -0*c - 3*c - 105. Let t = c + 65. List the prime factors of t.
2, 3, 5
Let i(t) = -13*t + 40 - t**2 + t**2 + t**2 - 21. List the prime factors of i(13).
19
Suppose -2*k - 1 = -2*z + 7, 4*k + 2*z + 28 = 0. Suppose 4*x - 28 = -p, -3*x - 5*p - 2 = -6. Let n = k + x. What are the prime factors of n?
2
What are the prime factors of 198/30 - -2*3/(-10)?
2, 3
Suppose f = -3*b + 3, 0*f + 17 = f - 4*b. Suppose -4*a = k - f, 3*k - a - 3*a = 43. List the prime factors of k.
13
Let a = -1 + 1. Suppose c = -a*c + 3. Let g = c - 1. What are the prime factors of g?
2
Suppose -u = -6*u - 5. What are the prime factors of 3*u*(-32)/12?
2
Suppose q = -o - 0*q + 23, 3*q - 117 = -5*o. List the prime factors of o.
2, 3
Let o(h) = 11*h**2 + 2 - 2*h - 9*h**2 - 2*h. What are the prime factors of o(4)?
2, 3
Suppose -u + 23 - 3 = 0. Let s(b) = -b**2 - 12*b - 5. Let j be s(-11). Suppose g + j = u. What are the prime factors of g?
2, 7
Suppose -o + 2*w = o + 8, -o - 3*w + 12 = 0. Suppose o = 5*r - 3*r - 24. What are the prime factors of r?
2, 3
Suppose 0 = 8*o - 367 - 945. What are the prime factors of o?
2, 41
Suppose 0 = -5*b + 39 + 156. List the prime factors of b.
3, 13
Let g(l) = -l**2 + 10*l + 11. What are the prime factors of g(8)?
3
Let w = -27 + 61. List the prime factors of w.
2, 17
Suppose 0*l + 68 = 4*l. Suppose l = 5*s - y + 3, -s - 5*y = 18. What are the prime factors of s?
2
Suppose 4*s = 20, -2*t - 5*s = 2*t + 63. Let q = t + 33. What are the prime factors of q?
11
Let v = -7 + 317. What are the prime factors of v?
2, 5, 31
Let c(z) = z**2 - 11*z - 11. Let k be c(10). Let y = k - -47. What are the prime factors of y?
2, 13
What are the prime factors of (6/(-6))/(2/(-262))?
131
Let a = -153 - -227. Suppose -a = r - 5*r - 3*p, -5*p - 24 = -2*r. List the prime factors of r.
17
Suppose -2*b + 7*b - 10 = 0. Suppose -2*v + b = -64. What are the prime factors of v?
3, 11
Let l(g) = 8*g. Let v be l(6). Let r = -10 + v. What are the prime factors of r?
2, 19
Suppose 0 = -2*o - 2*o + 16. Suppose 0 = -3*l - 5 - o. Let b = l - -6. List the prime factors of b.
3
Suppose 4*f = -8*u + 4*u + 36, -4*f - 3*u = -31. Let m = 3 - f. What are the prime factors of m/(-2) - 75/(-10)?
2
List the prime factors of 31 + -5*(-4)/10.
3, 11
Suppose -y - 10 = -97. List the prime factors of y.
3, 29
Suppose 0 = 5*y - 8*y - 6. List the prime factors of y/4*(-44)/2.
11
Suppose -3*c + 3*l + 0 = -21, -5*c + 19 = -l. Suppose 2*z + c*z = 0. Suppose 3*v + v - 64 = z. List the prime factors of v.
2
Let v(y) = -4*y**2 - y - 1. Let p be v(-1). List the prime factors of -2*(2 + 78/p).
5, 7
Let h(v) = -3*v + 3*v - 8 + 2*v + 0*v. List the prime factors of h(6).
2
Suppose -4*q = -5*s - 31, 0 = -5*s + q - 4 - 15. Let k = -1 - s. Suppose -3*h = -k*h + 3*x - 22, -2*x + 8 = 0. List the prime factors of h.
2, 5
Let d = 431 - 159. List the prime factors of d.
2, 17
Let i(q) = 2*q**3 - q**2 - 3*q - 8. List the prime factors of i(6).
2, 5, 37
Suppose -2*z + 8 = -0*z. Suppose f + 3*n = -30, 4*n - z = -0. Let w = 47 + f. List the prime factors of w.
2, 7
Suppose -2*g = -0 + 2. Let t be g - (0 - 1) - -4. What are the prime factors of 50/t - (-3)/(-2)?
11
Suppose 0 = -4*x + 15 + 5, -3*q + 10 = -x. What are the prime factors of q?
5
Let f be ((-10)/(-6))/(2/6). List the prime factors of 51/15 - 2/f.
3
Let f = -14 - -20. Suppose 0 = 5*y - 41 + 6. Suppose -r + f = -y. List the prime factors of r.
13
Let g = 3 - 0. Suppose 6*m - g*m = 12. Suppose -3*b + 13 - 2 = -2*r, 0 = -r + m*b - 18. List the prime factors of r.
2
Let v be -3 - -1 - (-21 + 2). Let y = -3 + v. What are the prime factors of y?
2, 7
Suppose -2*r = -69 - 31. List the prime factors of r.
2, 5
Suppose 3*a - 144 = g, -5*a - g - g + 229 = 0. List the prime factors of a.
47
Let f(y) = -y**2 + y + 298. What are the prime factors of f(0)?
2, 149
Let f(v) = -15*v**3 - 2*v - 1. Let d be f(-1). Let q = d - 7. List the prime factors of q.
3
What are the prime factors of 975/(-50)*(0 + -2)?
3, 13
What are the prime factors of (3 - 1)/((-14)/(-371))?
53
Let w = -20 - -26. List the prime factors of w.
2, 3
List the prime factors of (-1)/4 - (5 + 1610/(-8)).
2, 7
Let b(z) = -3*z + 1. Let j = -3 + 6. Let l be b(j). List the prime factors of 1/3 + l/(-3).
3
Let h = -61 + 107. List the prime factors of h.
2, 23
Let p(k) = 6 + 6*k**2 + 0*k**2 + 8*k - k**3 - 2. List the prime factors of p(7).
11
Let c(x) = -2*x - 10. Let y be c(-10). Let p(q) = -q**3 + 9*q**2 + 11*q + 10. What are the prime factors of p(y)?
2, 5
Let g = 21 + -14. Suppose 8*t = 4*t. Let f = g - t. What are the prime factors of f?
7
Let k = 1 + -4. Let x(z) = -2*z**3 - 5*z**2 - 4*z + 1. List the prime factors of x(k).
2, 11
Let k(a) = a**3 + 18*a**2 + 14*a - 36. List the prime factors of k(-17).
3, 5
Let x(g) = 11*g**2 + 2*g. Let o be x(-2). Suppose u + o = 6*u. What are the prime factors of u?
2
Let j be -3*(-1)/(-6)*-4. Let y(f) = 2*f**2 - 3*f - 3. Let k be y(3). Suppose -j*h - k = -4*h. What are the prime factors of h?
3
Suppose -449 = -2*s + 235. Suppose -4*g = 2*g - s. List the prime factors of g.
3, 19
Suppose 2*y - 36 = -2*y. Let w(i) = -i**3 + 8*i**2 + 14*i - 7. Let x be w(y). Let c = -23 + x. What are the prime factors of c?
3, 5
Suppose 0 = 5*h + t - 323, 264 = h + 3*h - 2*t. Suppose 2*g - 5*m = -0*g + h, 0 = 5*g - 5*m - 140. What are the prime factors of g?
5
Let k(